{"id":92,"date":"2025-02-02T14:54:04","date_gmt":"2025-02-02T13:54:04","guid":{"rendered":"https:\/\/www.sabykoloni.se\/?page_id=92"},"modified":"2025-04-03T10:28:31","modified_gmt":"2025-04-03T08:28:31","slug":"stadgar","status":"publish","type":"page","link":"https:\/\/www.sabykoloni.se\/?page_id=92","title":{"rendered":"Stadgar"},"content":{"rendered":"\n<div class=\"wp-block-group has-global-padding is-content-justification-center is-layout-constrained wp-container-core-group-is-layout-0d683696 wp-block-group-is-layout-constrained\" style=\"padding-right:var(--wp--preset--spacing--10);padding-left:var(--wp--preset--spacing--10)\">\n<div class=\"wp-block-file\"><a id=\"wp-block-file--media-7a4f60dd-a8c6-46fc-848f-4888764a9f6b\" href=\"https:\/\/www.sabykoloni.se\/wp-content\/uploads\/2025\/04\/Stadgar-2025.pdf\">Stadgar 2025<\/a><a href=\"https:\/\/www.sabykoloni.se\/wp-content\/uploads\/2025\/04\/Stadgar-2025.pdf\" class=\"wp-block-file__button wp-element-button\" download aria-describedby=\"wp-block-file--media-7a4f60dd-a8c6-46fc-848f-4888764a9f6b\">Ladda ner<\/a><\/div>\n\n\n\n<p><\/p>\n\n\n\n<h4 class=\"wp-block-heading\"><strong>1. F\u00f6reningens namn<\/strong><\/h4>\n\n\n\n<p>F\u00f6reningens namn \u00e4r S\u00e4by kolonitr\u00e4dg\u00e5rdsf\u00f6rening<\/p>\n\n\n\n<p><strong>2. F\u00f6reningens \u00e4ndam\u00e5l<\/strong><\/p>\n\n\n\n<p>2.1 S\u00e4by kolonitr\u00e4dg\u00e5rdsf\u00f6rening \u00e4r en allm\u00e4nnyttig ideell f\u00f6rening, som har till \u00e4ndam\u00e5l<\/p>\n\n\n\n<p><strong>att <\/strong>ansvara f\u00f6r sk\u00f6tsel och underh\u00e5ll av den mark f\u00f6reningen arrenderar av J\u00e4rf\u00e4lla kommun,<\/p>\n\n\n\n<p><strong>att <\/strong>uppl\u00e5ta det arrenderade omr\u00e5det till f\u00f6reningens medlemmar f\u00f6r att brukas av dem f\u00f6r kolonitr\u00e4dg\u00e5rdsverksamhet,<\/p>\n\n\n\n<p><strong>att <\/strong>verka f\u00f6r \u00f6kat samarbete mellan medlemmarna och \u00f6kat intresse f\u00f6r kolonitr\u00e4dg\u00e5rdsr\u00f6relsen, samt<\/p>\n\n\n\n<p><strong>att <\/strong>i \u00f6vrigt p\u00e5 b\u00e4sta s\u00e4tt fr\u00e4mja och tillvarata medlemmarnas intressen i deras egenskap av tr\u00e4dg\u00e5rdskolonister.<\/p>\n\n\n\n<p>2.2 F\u00f6r att fr\u00e4mja f\u00f6reningens \u00e4ndam\u00e5l skall f\u00f6reningen anta s\u00e4rskilda ordningsf\u00f6reskrifter f\u00f6r koloniomr\u00e5det.<\/p>\n\n\n\n<p><strong>3. Medlemskap<\/strong><\/p>\n\n\n\n<p>3.1 Till medlem i f\u00f6reningen kan den antas som \u00e4r myndig, folkbokf\u00f6rd inom J\u00e4rf\u00e4lla kommun och sj\u00e4lv, make\/maka, partner eller sambo inte har arrende- eller utnyttjander\u00e4tt till annan kolonilott.<\/p>\n\n\n\n<p>Medlemskap f\u00e5r inte v\u00e4gras p\u00e5 grund av ras, hudf\u00e4rg, nationalitet eller etniskt ursprung, religion, \u00f6vertygelse eller sexuell l\u00e4ggning.<\/p>\n\n\n\n<p>3.2 Den som arrenderar en kolonilott inom f\u00f6reningens omr\u00e5de skall vara medlem i f\u00f6reningen. Om f\u00f6reningen i arrendeavtalet har godtagit att en kolonilott arrenderas gemensamt av fler \u00e4n en person har dessa tillsammans endast en r\u00f6str\u00e4tt i f\u00f6reningen.<\/p>\n\n\n\n<p>3.3 Ans\u00f6kan om medlemskap skall g\u00f6ras skriftligen till f\u00f6reningen. F\u00f6reningens styrelse avg\u00f6r om medlemskap skall beviljas.<\/p>\n\n\n\n<p>3.4 Medlems nyttjander\u00e4tt till kolonilott inom f\u00f6reningens omr\u00e5de grundas uteslutande p\u00e5 det skriftliga kontraktet eller avtal som uppr\u00e4ttas mellan f\u00f6reningen och medlemmen.<\/p>\n\n\n\n<p>3.5 Om villkoren f\u00f6r medlemskapet enligt 3.1 och 3.3 uppfyllt kan arvinge till avliden medlem beviljas medlemskap och \u00f6verta dennes kolonilott. Motsvarande g\u00e4ller vid bodelning.<\/p>\n\n\n\n<p>3.6 Medlem \u00e4r skyldig:<\/p>\n\n\n\n<p><strong>att <\/strong>erl\u00e4gga intr\u00e4desavgift, \u00e5rsavgift, arrendeavgift, extra uttaxering eller annan avgift enligt \u00e5rsm\u00f6tets beslut och styrelsens anvisningar,<\/p>\n\n\n\n<p><strong>att <\/strong>noga v\u00e5rda och sk\u00f6ta den kolonilott som uppl\u00e5tits till medlemmen,<br><br><strong>att <\/strong>f\u00f6lja f\u00f6reningens stadgar och ordningsf\u00f6reskrifter samt de villkor och riktlinjer som utf\u00e4rdas av kommunen, samt<\/p>\n\n\n\n<p><strong>att <\/strong>delta i arbetsuppgifter som \u00e4r gemensamma f\u00f6r f\u00f6reningens medlemmar och i tillsynen och v\u00e5rden av den mark och egendom som f\u00f6reningen arrenderar eller \u00f6vrigt disponerar.<\/p>\n\n\n\n<p>3.7 Medlem som upph\u00f6r att vara arrendator till kolonilott skall anses ha uttr\u00e4tt ur f\u00f6reningen. F\u00f6r det fall medlem ing\u00e5r i styrelsen kan medlemmen sitta kvar till n\u00e4stf\u00f6ljande \u00e5rsm\u00f6te.<\/p>\n\n\n\n<p>3.8 Medlem som \u00f6nskar uttr\u00e4da ur f\u00f6reningen skall skriftligen anm\u00e4la detta till f\u00f6reningen. Medlemmen har inte r\u00e4tt att f\u00e5 tillbaka erlagda avgifter.<\/p>\n\n\n\n<p>3.9 Medlem kan uteslutas ur f\u00f6reningen:<\/p>\n\n\n\n<p>a) efter beslut av styrelsen om medlem inte i r\u00e4tt tid betalar \u00e5rsavgiften eller andra av f\u00f6reningen beslutade utdebiteringar, efter beslut av styrelsen om medlem bryter mot dessa stadgar, g\u00e4llande arrendekontrakt, f\u00f6r omr\u00e5det g\u00e4llande ordningsf\u00f6reskrifter eller i \u00f6vrigt av f\u00f6reningen utf\u00e4rdade f\u00f6reskrifter,<\/p>\n\n\n\n<p>b) p\u00e5 f\u00f6rslag av styrelsen genom beslut p\u00e5 \u00e5rsm\u00f6te, om medlem motarbetar f\u00f6reningens \u00e4ndam\u00e5l enligt 2 eller f\u00f6rsv\u00e5rar f\u00f6reningens och styrelsens arbete.<\/p>\n\n\n\n<p>3.10 Om det finns anledning att utesluta en medlem i f\u00f6reningen skall medlemmen skriftligen varnas av styrelsen. Om varningen avser 3.9 b och medlemmen inte inom motsvarande tid f\u00f6rklarat sig villig att r\u00e4tta sig efter de i varningen framf\u00f6rda kraven, eller om de handlingar som f\u00f6ranlett varningen upprepas har \u00e5rsm\u00f6tet, efter f\u00f6rslag fr\u00e5n styrelsen, r\u00e4tt att fatta beslut om uteslutning.<\/p>\n\n\n\n<p>Utesluten medlem har inte r\u00e4tt att f\u00e5 tillbaka erlagd avgift.<\/p>\n\n\n\n<p>3.11 Make\/maka, parter eller sambo \u00e4r valbara till f\u00f6rtroendeuppdrag i f\u00f6reningen och kan p\u00e5 samma s\u00e4tt som medlem hedras med f\u00f6rtj\u00e4nsttecken.<\/p>\n\n\n\n<p><strong>4. <\/strong><strong>Avgifter<\/strong><\/p>\n\n\n\n<p>4.1 \u00c5rsm\u00f6tet fastst\u00e4ller intr\u00e4desavgift, \u00e5rsavgift och arrendeavgift.<\/p>\n\n\n\n<p>4.2 \u00c5rsm\u00f6te eller extra \u00e5rsm\u00f6te, som utlysts enligt dessa stadgar, kan besluta om extra uttaxering eller annan f\u00f6reningsavgift om s\u00e5 erfordras f\u00f6r f\u00f6reningens verksamhet.<\/p>\n\n\n\n<p>4.3 Om inte annat beslutats av \u00e5rsm\u00f6tet skall \u00e5rsavgift vara inbetald senast den f\u00f6rsta april till f\u00f6reningen.<\/p>\n\n\n\n<p><strong>5. \u00c5rsm\u00f6te<\/strong><\/p>\n\n\n\n<p>5.1 \u00c5rsm\u00f6tet \u00e4r f\u00f6reningens h\u00f6gsta beslutande instans. R\u00f6str\u00e4tten p\u00e5 \u00e5rsm\u00f6tet regleras enligt 3.2. R\u00f6stber\u00e4ttigad medlem kan uppdra \u00e5t make\/maka, partner, sambo eller myndigt barn att ut\u00f6va sin r\u00f6str\u00e4tt vid \u00e5rsm\u00f6tet.<\/p>\n\n\n\n<p>5.2 Ordinarie \u00e5rsm\u00f6te skall \u00e5rligen h\u00e5llas f\u00f6re juni m\u00e5nads utg\u00e5ng. Kallelse skall tillst\u00e4llas varje medlem senast 14 dagar f\u00f6re m\u00f6tet. I kallelsen skall anges vilka \u00e4renden som skall behandlas p\u00e5 m\u00f6tet.<\/p>\n\n\n\n<p>5.3 Vid ordinarie \u00e5rsm\u00f6te skall f\u00f6ljande \u00e4renden f\u00f6rekomma: <\/p>\n\n\n\n<p>1. M\u00f6tets \u00f6ppnande<br><br>2. Fastst\u00e4llande av r\u00f6stl\u00e4ngd och dagordning<br><br>3. Fr\u00e5ga om kallelse skett i beh\u00f6rig ordning<\/p>\n\n\n\n<p>4. Val av ordf\u00f6rande att leda m\u00f6tet 5. Val av protokollf\u00f6rare<br><br>6. Val av justerare<br><br>7. Val av r\u00f6str\u00e4knare<\/p>\n\n\n\n<p>8. Styrelsens verksamhetsber\u00e4ttelse<\/p>\n\n\n\n<p>9. Revisorernas ber\u00e4ttelse<\/p>\n\n\n\n<p>10. Fastst\u00e4llande av balansr\u00e4kning och resultatr\u00e4kning<\/p>\n\n\n\n<p>11. Fr\u00e5ga om ansvarsfrihet f\u00f6r styrelsen<\/p>\n\n\n\n<p>12. Behandling av motioner och f\u00f6rslag<\/p>\n\n\n\n<p>13. Beslut om ers\u00e4ttning till av \u00e5rsm\u00f6tet utsedda styrelseledam\u00f6ter, revisorer och suppleanter<\/p>\n\n\n\n<p>14. Fastst\u00e4llande av budget och avgifter<\/p>\n\n\n\n<p>15. Val av f\u00f6reningens ordf\u00f6rande, kass\u00f6r, \u00f6vriga styrelseledam\u00f6ter och suppleanter enligt 6.1\u20136.3<\/p>\n\n\n\n<p>16. Val av revisorer och suppleanter enligt 7.2 <br><br>17. Val av ombud<br><br>18. Val av valberedning enligt 8.1<br><br>19. \u00d6vriga \u00e4renden<\/p>\n\n\n\n<p>5.4 Styrelsen har f\u00f6rslagsr\u00e4tt och medlemmarna har motionsr\u00e4tt till ordinarie \u00e5rsm\u00f6te. Motion skall avges skriftligen och vara styrelse tillhanda senast februari m\u00e5nads utg\u00e5ng. Styrelsen skall yttra sig \u00f6ver inl\u00e4mnade motioner. Styrelsens f\u00f6rslag, motioner och yttranden skall finnas tillg\u00e4ngliga f\u00f6r f\u00f6reningens medlemmar senast en vecka f\u00f6re \u00e5rsm\u00f6tet. Vid \u00e5rsm\u00f6tet f\u00e5r beslut inte fattas i andra fr\u00e5gor \u00e4n de som har angivits i kallelsen.<\/p>\n\n\n\n<p>5.5 \u00a0Ordningsf\u00f6reskrifter f\u00f6r kolonitr\u00e4dg\u00e5rdsomr\u00e5det\/fritidsbyn fastst\u00e4lls av \u00e5rsm\u00f6tet.<\/p>\n\n\n\n<p>5.6 \u00a0Styrelsen har r\u00e4tt att kalla f\u00f6reningens medlemmar till extra \u00e5rsm\u00f6te. Styrelsen skall<\/p>\n\n\n\n<ol start=\"5\" class=\"wp-block-list\"><\/ol>\n\n\n\n<p>ocks\u00e5 kalla till extra \u00e5rsm\u00f6te p\u00e5 beg\u00e4ran av revisorerna eller d\u00e5 minst en femtedel av samtliga r\u00f6stber\u00e4ttigade medlemmar skriftligen beg\u00e4r detta f\u00f6r visst angivet \u00e4ndam\u00e5l. Kallelse skall ske senast tv\u00e5 veckor f\u00f6re extra \u00e5rsm\u00f6te. I kallelsen skall anges vilka \u00e4renden som skall behandlas av det extra \u00e5rsm\u00f6tet.<\/p>\n\n\n\n<p>5.7 Alla fr\u00e5gor vid \u00e5rsm\u00f6tet avg\u00f6rs genom enkel majoritet och \u00f6ppen omr\u00f6stning, d\u00e5 stadgarna inte anger annat. P\u00e5 beg\u00e4ran av r\u00f6stber\u00e4ttigad m\u00f6tesdeltagare kan dock val, eller beslut i \u00e4renden enligt 3.9 b ske med sluten omr\u00f6stning. Vid lika r\u00f6stetal har ordf\u00f6randen f\u00f6r m\u00f6tet utslagsr\u00f6st. Vid val avg\u00f6rs dock lika r\u00f6stetal genom lottning.<\/p>\n\n\n\n<p>5.8 Styrelsen ansvarar f\u00f6r att medlemmarna informeras om \u00e5rsm\u00f6tesbesluten. Medlem har r\u00e4tt att l\u00e4sa \u00e5rsm\u00f6tesprotokoll.<\/p>\n\n\n\n<p><strong>6. Styrelsen<\/strong><\/p>\n\n\n\n<p>6.1 F\u00f6reningens verksamhet leds av en styrelse som v\u00e4ljs av \u00e5rsm\u00f6tet bland f\u00f6reningens medlemmar, enligt \u00a7 3. Flera fr\u00e5n en och samma kolonilott kan inte samtidigt inneha uppdrag i styrelsen eller som revisor.<\/p>\n\n\n\n<p>6.2 Styrelsen best\u00e5r av ordf\u00f6rande och kass\u00f6r, vilka v\u00e4ljs s\u00e4rskilt, samt ytterligare det antal ordinarie ledam\u00f6ter som \u00e5rsm\u00f6tet fastst\u00e4ller, dock minst en. Dessutom v\u00e4ljs minst tv\u00e5 suppleanter.<\/p>\n\n\n\n<p>6.3 Styrelsens ordinarie ledam\u00f6ter v\u00e4ljs f\u00f6r en tid av tv\u00e5 \u00e5r, r\u00e4knat fr\u00e5n \u00e5rsm\u00f6te till \u00e5rsm\u00f6te. Valet skall ske s\u00e5 att halva antalet (eller n\u00e4rmast h\u00f6gre\/l\u00e4gre heltal) ledam\u00f6ter avg\u00e5r \u00e5rligen. Suppleanter v\u00e4ljs f\u00f6r en tid av ett \u00e5r.<\/p>\n\n\n\n<p>6.4 Styrelsen skall h\u00e5lla konstituerande sammantr\u00e4de inom 14 dagar efter ordinarie \u00e5rsm\u00f6te. Vid detta sammantr\u00e4de skall inom styrelsen utses f\u00f6reningens firmatecknare.<\/p>\n\n\n\n<p>6.5 Styrelsen \u00e4r beslutf\u00f6r n\u00e4r de r\u00f6stber\u00e4ttigande ledam\u00f6terna \u00e4r fler \u00e4n halva antalet ordinarie ledam\u00f6ter, dock minst tre. Suppleant ers\u00e4tter ordinarie ledamot d\u00e5 denne ej \u00e4r n\u00e4rvarande. Samtliga styrelseledam\u00f6ter och suppleanter skall kallas till styrelsens sammantr\u00e4den, men r\u00f6str\u00e4tt endast d\u00e5 han ers\u00e4tter ordinarie ledamot. Deltar endast tre ledam\u00f6ter i sammantr\u00e4det skall dessa vara ense f\u00f6r att beslut kan fattas. I \u00f6vrigt fattas beslut med enkel majoritet, varvid ordf\u00f6randen har utslagsr\u00f6st vid lika r\u00f6stetal.<\/p>\n\n\n\n<p>6.6 Protokoll skall f\u00f6ras \u00f6ver styrelsens sammantr\u00e4den och uppta deltagare i sammantr\u00e4det, behandlade \u00e4renden samt fattade beslut. Styrelsen beslutar hur protokollen skall justeras.<\/p>\n\n\n\n<p>6.7 Styrelsen svarar f\u00f6r f\u00f6reningens gemensamma angel\u00e4genheter, ekonomi och administration. Styrelsen skall bl.a.:<\/p>\n\n\n\n<p>\u2022 tillse att tillr\u00e4ckliga f\u00f6reningsf\u00f6rs\u00e4kringar tecknas,<br>\u2022 tillse att arrendeavtal, stadgar och ordningsf\u00f6reskrifter efterf\u00f6ljs,<br>\u2022 tillse att \u00e5rsm\u00f6tes- och styrelsebeslut verkst\u00e4lls,<br>\u2022 uppr\u00e4tta f\u00f6rteckning \u00f6ver medlemmar och v\u00e4ntelista \u00f6ver s\u00f6kande till medlemskap och kolonilott,<br>\u2022 tillse att f\u00f6reningens egendom och av f\u00f6reningen arrenderad egendom sk\u00f6ts och underh\u00e5lls samt att erforderliga medel avs\u00e4tts f\u00f6r detta,<br>\u2022 \u00e5rligen kalla till f\u00f6reningens ordinarie \u00e5rsm\u00f6te samt<br>\u2022 ansvara f\u00f6r f\u00f6reningens arkiv.<\/p>\n\n\n\n<p><strong>7. <\/strong><strong>R\u00e4kenskaper och revision<\/strong><\/p>\n\n\n\n<p>7.1 F\u00f6reningens r\u00e4kenskaps\u00e5r omfattar tiden 1 januari till 31 december.<\/p>\n\n\n\n<p>7.2 F\u00f6reningens r\u00e4kenskaper och f\u00f6rvaltning skall fortl\u00f6pande granskas av tv\u00e5 revisorer, vilka v\u00e4ljs av ordinarie \u00e5rsm\u00f6te. Revisorerna v\u00e4ljs f\u00f6r en tid av tv\u00e5 \u00e5r med v\u00e4xelvis avg\u00e5ng.<\/p>\n\n\n\n<p>7.3 Minst en revisorssuppleant v\u00e4ljs f\u00f6r en tid av ett \u00e5r. Styrelseledamot \u00e4r inte valbar till revisor eller revisorsuppleant.<\/p>\n\n\n\n<p>7.4 De av styrelsen uppr\u00e4ttade balans- och resultatr\u00e4kningarna samt verksamhetsber\u00e4ttelsen skall vara revisorerna tillhanda senast februari m\u00e5nads utg\u00e5ng.<\/p>\n\n\n\n<p>7.5 Revisorerna skall \u00e5rligen avge en revisionsber\u00e4ttelse senast tre veckor f\u00f6re ordinarie \u00e5rsm\u00f6te. I revisionsber\u00e4ttelsen skall anges om ansvarsfrihet f\u00f6r styrelsen tillstyrks eller avstyrks.<\/p>\n\n\n\n<p><strong>8. Valberedning<\/strong><\/p>\n\n\n\n<p>8.1 En valberedning med minst tv\u00e5 ledam\u00f6ter skall utses p\u00e5 \u00e5rsm\u00f6te. Valbar till valberedningen \u00e4r alla medlemmar, enligt 3, med undantag av styrelsens ledam\u00f6ter och suppleanter.<\/p>\n\n\n\n<p>8.2 Valberedningen skall f\u00f6rbereda val av m\u00f6tesordf\u00f6rande, m\u00f6tessekreterare, styrelse och revisorer samt suppleanter. Valberedningen skall \u00e4ven redovisa samtliga av medlemmarna f\u00f6reslagna kandidater till dessa uppdrag p\u00e5 \u00e5rsm\u00f6tet.<\/p>\n\n\n\n<p><strong>9.<\/strong> <strong>Stadge\u00e4ndring<\/strong><\/p>\n\n\n\n<p>9.1 Beslut om \u00e4ndring av f\u00f6reningens stadgar fattas av \u00e5rsm\u00f6tet med minst 2\/3 majoritet. <\/p>\n\n\n\n<p> 9.2 \u00c5rsm\u00f6te avg\u00f6r fr\u00e5n vilken tidpunkt \u00e4ndring skall g\u00e4lla.<\/p>\n\n\n\n<p><strong>10. Uppl\u00f6sning<\/strong><\/p>\n\n\n\n<p>10.1 Beslut om uppl\u00f6sning av f\u00f6reningen skall fattas av tv\u00e5 p\u00e5 varandra f\u00f6ljande \u00e5rsm\u00f6ten varav minst ett skall vara ordinarie. Vid vartdera m\u00f6tet skall beslut fattas med minst 3\u20444 majoritet.<\/p>\n\n\n\n<p>10.2 Vid uppl\u00f6sning av f\u00f6reningen skall dess kvarvarande tillg\u00e5ngar anv\u00e4ndas f\u00f6r att gagna kolonitr\u00e4dg\u00e5rdsr\u00f6relsen i Sverige.<\/p>\n\n\n\n<p><em>Ovanst\u00e5ende stadgar \u00e4r antagna vid \u00e5rsm\u00f6tet den 18 mars 2025.<\/em><\/p>\n<\/div>\n\n\n\n<p><\/p>\n","protected":false},"excerpt":{"rendered":"<p>1. F\u00f6reningens namn F\u00f6reningens namn \u00e4r S\u00e4by kolonitr\u00e4dg\u00e5rdsf\u00f6rening 2. F\u00f6reningens \u00e4ndam\u00e5l 2.1 S\u00e4by kolonitr\u00e4dg\u00e5rdsf\u00f6rening \u00e4r en allm\u00e4nnyttig ideell f\u00f6rening, som har till \u00e4ndam\u00e5l att ansvara f\u00f6r sk\u00f6tsel och underh\u00e5ll av den mark f\u00f6reningen arrenderar av J\u00e4rf\u00e4lla kommun, att uppl\u00e5ta det arrenderade omr\u00e5det till f\u00f6reningens medlemmar f\u00f6r att brukas av dem f\u00f6r kolonitr\u00e4dg\u00e5rdsverksamhet, att verka f\u00f6r [&hellip;]<\/p>\n","protected":false},"author":1,"featured_media":0,"parent":30,"menu_order":1,"comment_status":"closed","ping_status":"closed","template":"","meta":{"footnotes":""},"class_list":["post-92","page","type-page","status-publish","hentry"],"_links":{"self":[{"href":"https:\/\/www.sabykoloni.se\/index.php?rest_route=\/wp\/v2\/pages\/92","targetHints":{"allow":["GET"]}}],"collection":[{"href":"https:\/\/www.sabykoloni.se\/index.php?rest_route=\/wp\/v2\/pages"}],"about":[{"href":"https:\/\/www.sabykoloni.se\/index.php?rest_route=\/wp\/v2\/types\/page"}],"author":[{"embeddable":true,"href":"https:\/\/www.sabykoloni.se\/index.php?rest_route=\/wp\/v2\/users\/1"}],"replies":[{"embeddable":true,"href":"https:\/\/www.sabykoloni.se\/index.php?rest_route=%2Fwp%2Fv2%2Fcomments&post=92"}],"version-history":[{"count":3,"href":"https:\/\/www.sabykoloni.se\/index.php?rest_route=\/wp\/v2\/pages\/92\/revisions"}],"predecessor-version":[{"id":204,"href":"https:\/\/www.sabykoloni.se\/index.php?rest_route=\/wp\/v2\/pages\/92\/revisions\/204"}],"up":[{"embeddable":true,"href":"https:\/\/www.sabykoloni.se\/index.php?rest_route=\/wp\/v2\/pages\/30"}],"wp:attachment":[{"href":"https:\/\/www.sabykoloni.se\/index.php?rest_route=%2Fwp%2Fv2%2Fmedia&parent=92"}],"curies":[{"name":"wp","href":"https:\/\/api.w.org\/{rel}","templated":true}]}}