{"id":22,"date":"2025-01-30T12:39:54","date_gmt":"2025-01-30T11:39:54","guid":{"rendered":"https:\/\/www.sabykoloni.se\/?page_id=22"},"modified":"2025-02-03T21:38:48","modified_gmt":"2025-02-03T20:38:48","slug":"bli-medlem","status":"publish","type":"page","link":"https:\/\/www.sabykoloni.se\/?page_id=22","title":{"rendered":"Bli medlem"},"content":{"rendered":"\n<div class=\"wp-block-group has-global-padding is-layout-constrained wp-container-core-group-is-layout-650790e1 wp-block-group-is-layout-constrained\">\n<p>Koloniomr\u00e5det best\u00e5r av 12 500 kvm varav 7 000 kvm \u00e4r lottmark vilket \u00e4r f\u00f6rdelat p\u00e5 65 lotter. De flesta lotterna \u00e4r p\u00e5 100 kvm, ett f\u00e5tal \u00e4r mindre eller st\u00f6rre \u00e4n 100 kvm.<\/p>\n\n\n\n<p>Som medlem i f\u00f6reningen kan den antas som \u00e4r myndig, folkbokf\u00f6rd inom J\u00e4rf\u00e4lla kommun och sj\u00e4lv, make\/maka, partner eller sambo inte har arrende- eller nyttjander\u00e4tt till annan kolonilott.<\/p>\n\n\n\n<h3 class=\"wp-block-heading\"><strong>Vad kostar det?<\/strong><\/h3>\n\n\n\n<ul class=\"wp-block-list\">\n<li>Intr\u00e4desavgift 400 kronor \u2013&nbsp;<em>Eng\u00e5ngsbelopp<\/em><\/li>\n\n\n\n<li>Deposition 500 kronor \u2013&nbsp;<em>Vid intr\u00e4de. \u00c5terbetalas n\u00e4r medlem \u00e5terl\u00e4mnar lotten i v\u00e5rdat skick<\/em><\/li>\n\n\n\n<li>Medlemsavgift 100 kronor per \u00e5r<\/li>\n\n\n\n<li>Arrendeavgift 6 kronor\/kvm och \u00e5r<\/li>\n\n\n\n<li>St\u00e4davgift 200 kr som utg\u00e5r vid utebliven n\u00e4rvaro vid gemensam st\u00e4ddag.<br><\/li>\n<\/ul>\n\n\n\n<p>L\u00e4s mer om vad som ing\u00e5r i en kolonilott samt v\u00e5ra ordningsregler <a href=\"https:\/\/web.archive.org\/web\/20240521125608\/http:\/\/sabykoloni.se\/foreningen\/ordningsregler\/\">h\u00e4r<\/a>.<\/p>\n\n\n\n<p>Idag har vi en ber\u00e4knad k\u00f6tid som \u00e4r 3-4 \u00e5r.<\/p>\n\n\n\n<p>Om du \u00e4r intresserad av en lott, st\u00e4ll dig i k\u00f6 genom att skicka ett mail till:<\/p>\n\n\n\n<p><strong>sabykoloni@outlook.com<\/strong><\/p>\n\n\n\n<p>I mailet skriver du:<br>&#8211; F\u00f6r och efternamn<br>&#8211; Adress<br>&#8211; Telefonnummer<\/p>\n\n\n\n<p class=\"has-text-align-left\">Vi kontaktar dig s\u00e5 snart det blir en lott ledig!<\/p>\n\n\n\n<div style=\"height:35px\" aria-hidden=\"true\" class=\"wp-block-spacer\"><\/div>\n\n\n\n<div class=\"wp-block-buttons is-content-justification-center is-layout-flex wp-container-core-buttons-is-layout-a89b3969 wp-block-buttons-is-layout-flex\">\n<div class=\"wp-block-button\"><a class=\"wp-block-button__link has-custom-color-1-background-color has-background wp-element-button\" href=\"https:\/\/www.sabykoloni.se\/?page_id=82\">Ordningsregler<\/a><\/div>\n<\/div>\n<\/div>\n","protected":false},"excerpt":{"rendered":"<p>Koloniomr\u00e5det best\u00e5r av 12 500 kvm varav 7 000 kvm \u00e4r lottmark vilket \u00e4r f\u00f6rdelat p\u00e5 65 lotter. De flesta lotterna \u00e4r p\u00e5 100 kvm, ett f\u00e5tal \u00e4r mindre eller st\u00f6rre \u00e4n 100 kvm. Som medlem i f\u00f6reningen kan den antas som \u00e4r myndig, folkbokf\u00f6rd inom J\u00e4rf\u00e4lla kommun och sj\u00e4lv, make\/maka, partner eller sambo inte [&hellip;]<\/p>\n","protected":false},"author":1,"featured_media":0,"parent":17,"menu_order":0,"comment_status":"closed","ping_status":"closed","template":"","meta":{"footnotes":""},"class_list":["post-22","page","type-page","status-publish","hentry"],"_links":{"self":[{"href":"https:\/\/www.sabykoloni.se\/index.php?rest_route=\/wp\/v2\/pages\/22","targetHints":{"allow":["GET"]}}],"collection":[{"href":"https:\/\/www.sabykoloni.se\/index.php?rest_route=\/wp\/v2\/pages"}],"about":[{"href":"https:\/\/www.sabykoloni.se\/index.php?rest_route=\/wp\/v2\/types\/page"}],"author":[{"embeddable":true,"href":"https:\/\/www.sabykoloni.se\/index.php?rest_route=\/wp\/v2\/users\/1"}],"replies":[{"embeddable":true,"href":"https:\/\/www.sabykoloni.se\/index.php?rest_route=%2Fwp%2Fv2%2Fcomments&post=22"}],"version-history":[{"count":10,"href":"https:\/\/www.sabykoloni.se\/index.php?rest_route=\/wp\/v2\/pages\/22\/revisions"}],"predecessor-version":[{"id":190,"href":"https:\/\/www.sabykoloni.se\/index.php?rest_route=\/wp\/v2\/pages\/22\/revisions\/190"}],"up":[{"embeddable":true,"href":"https:\/\/www.sabykoloni.se\/index.php?rest_route=\/wp\/v2\/pages\/17"}],"wp:attachment":[{"href":"https:\/\/www.sabykoloni.se\/index.php?rest_route=%2Fwp%2Fv2%2Fmedia&parent=22"}],"curies":[{"name":"wp","href":"https:\/\/api.w.org\/{rel}","templated":true}]}}